
2
Calculate (0 - -2) + 1 + -1.
2
What is (1 + 4 + 3 - 2) + -16?
-10
0 + (5 - 11) - -1
-5
What is -1 - ((-3 - -2) + 0)?
0
Calculate 4 - (17 + (-6 - 5)).
-2
Evaluate (1 - 9) + (0 - (4 + -6)).
-6
Evaluate -4 + (2 - 6 - (-9 + 0)).
1
Calculate -2 + 3 + (-4 + 1 - -2).
0
What is the value of -2 + 0 + 2 - -2 - 1?
1
What is the value of 6 + -8 - (-7 + -1 + 1)?
5
What is the value of (-1 - -1) + 1 + (-5 - -9)?
5
Evaluate (3 - (1 + 0 - 3)) + -5.
0
What is the value of 0 - -3 - (-62 - -61)?
4
Evaluate -2 + 4 - 6 - -1.
-3
-12 - (-8 + (-8 - -8))
-4
2 + -1 + (-4 - -3)
0
What is the value of -2 - 0 - (-1 + (-1 - 1))?
1
What is the value of -3 - (3 + (-12 - (6 - 8)))?
4
Calculate -9 + 3 - (-2 - 1) - -7.
4
Calculate (1 - 0) + (-7 - -6) - 2.
-2
What is (1 - (9 - 12)) + -5?
-1
Calculate 27 - 25 - (4 + (1 - 1)).
-2
Evaluate 6 - ((7 - -3) + -6).
2
What is 3 + (4 - (2 + 10))?
-5
Evaluate 5 + -10 - -17 - 12.
0
What is -1 - -5 - ((9 - 15) + 10)?
0
What is -2 + -1 - (10 + -9) - -5?
1
(-1 - (3 + -2)) + (3 - 2)
-1
What is 5 + (-2 - -9 - 6)?
6
Calculate -1 + 5 + -3 + 0 + 2.
3
2 + -1 + 0 + (-5 - -1)
-3
Calculate 6 - 4 - 2 - -5 - -1.
6
Evaluate -1 + 5 - 4 - (-1 + -3).
4
Evaluate -1 - 3 - ((4 - 12) + 1).
3
(9 - (0 - -14)) + 4
-1
What is the value of (-3 - (0 + -6)) + -4?
-1
Evaluate -10 - (-3 - 10 - -6).
-3
-4 + 1 + (-4 - -7)
0
What is the value of 5 - ((1 - 2) + (-2 - -3))?
5
5 + (-5 - ((0 - 1) + 0))
1
What is the value of (-6 - (-1 + -7 - -7)) + -3?
-8
-10 - ((7 - 10) + -7)
0
-1 - (0 + 1 + -1 + 0)
-1
What is 0 - (-6 + 2 + -3)?
7
What is the value of 0 + -1 + 1 + (26 - 25)?
1
Calculate 5 - 3 - (0 + 0) - 7.
-5
-7 + 8 + -2 + -3
-4
Calculate -10 - (0 + -1 + -5) - 5.
-9
7 + (-4 - (-5 + 7))
1
-5 + 11 + -6 + -7
-7
Evaluate (0 - (2 + (-5 - -2))) + 2.
3
Evaluate 0 - 4 - (-46 - -46).
-4
Calculate 0 - ((0 - 5) + 0).
5
What is the value of -2 - (-31 + 31 - (2 + -4))?
-4
What is 2 + 0 - (-3 - -1)?
4
Calculate 4 - (4 + -2 + 6 + -3).
-1
What is the value of -4 - (2 + -5) - -2?
1
What is 5 + (-6 - 3) - -5?
1
Evaluate -5 + 0 - (-13 - (5 + -15)).
-2
What is -33 + 24 - (-7 - 0)?
-2
Calculate 1 + (4 - 12) + 15 + -11.
-3
What is the value of (2 - 3 - -3) + (-5 - 1)?
-4
Calculate (8 - 4) + 3 + -4.
3
-3 + -1 + 5 + (5 - 3)
3
Calculate 4 + (-1 - (-2 + 1)).
4
Evaluate -7 + (6 - 0 - -7).
6
What is -15 + 13 + 1 + (0 - 4)?
-5
What is the value of -1 - (9 + (-4 - 1) + -1)?
-4
Evaluate (10 - 2) + (6 - 9).
5
Evaluate 15 + (-12 - (12 + -7)).
-2
Evaluate (11 - 4) + -3 - 1.
3
What is -4 + -6 + 17 - (2 + 1)?
4
Calculate (4 - (-3 + 4 - -2)) + 2.
3
What is the value of -2 - ((-2 - 1) + -2 + 1)?
2
What is the value of 3 - (-3 - (-6 - 4 - -2))?
-2
What is the value of 1 + 4 - (-17 + 21) - 2?
-1
What is the value of 0 - (32 - 29 - (7 + -1))?
3
-11 + 2 + 14 + (-7 - -1)
-1
Evaluate (1 - 2 - 0) + -53 + 58.
4
What is the value of -3 + -3 + -4 + 4 + 3?
-3
What is the value of (-2 - (-4 - 0)) + 24 + -20?
6
Calculate 17 + (-19 - -11) - 5.
4
12 + -6 + 1 + -2
5
What is -19 - -23 - (-6 - (-6 - -3))?
7
What is -5 - 0 - (-1 + -3 - -2)?
-3
Evaluate -5 + 8 + -7 + -3 + 3.
-4
Calculate -4 + 7 + 3 + 24 + -28.
2
1 + 2 + (5 - 7)
1
Calculate -6 - (0 + (-14 - -7)).
1
-1 - (-4 + (1 - (-3 + 6)))
5
What is 3 - (-8 - (3 + -15) - -4)?
-5
What is the value of -5 - (-8 + 3 + 2)?
-2
Evaluate 0 + -1 + 7 + -4 + 5.
7
What is the value of -2 + (9 - 4) + -4?
-1
What is the value of -4 - ((-14 - -7) + 9)?
-6
What is 5 - (0 + (-4 - (2 + -7)))?
4
What is the value of 2 - (-2 + -4 + 4)?
4
Evaluate 6 + -13 - (2 - 11).
2
What is (-2 - (-2 + 1)) + 34 + -27?
6
What is 18 + -3 + -13 - (0 + 3)?
-1
Calculate -7 + (0 - 3 - -7).
-3
What is the value of (-2 - 0) + (11 - 5) + -2?
2
What is the value of -1 - (-6 + 0) - 0?
5
-1 - (11 + 1 + -8)
-5
What is the value of 4 + (-12 - -8) + 7?
7
What is the value of 14 - 19 - (-1 + -1 + -2)?
-1
What is (-4 - (-3 + 0)) + (73 - 66)?
6
What is -14 + 12 + -1 + 8 + -2?
3
Calculate (-15 - -10) + -1 + 4.
-2
What is (-15 - -2) + 7 - -3?
-3
Calculate 35 - 41 - (2 - 8).
0
What is the value of -12 + 7 + 3 + -3?
-5
What is 0 - ((0 - (1 + -6)) + -4)?
-1
Calculate 0 + 1 + 6 + -4.
3
What is -2 + 6 + -1 + (-1 - -1)?
3
Calculate -5 + 6 - (7 - (-5 + 9)).
-2
4 - (6 - (-3 + 5 + -1))
-1
-1 + (2 - 3) - -5
3
4 - -5 - 21 - -7
-5
-7 - -8 - (1 + -1)
1
5 + (-17 - -8) - -6
2
What is 0 + (-4 - (1 + -4 + 1))?
-2
What is -3 + 1 - -5 - 0?
3
What is -4 + (13 - (-7 + 11))?
5
1 + -1 - (-2 - 0)
2
7 + -9 - 0 - -7
5
Evaluate -15 + 7 + (6 - (1 + 0)).
-3
Evaluate 0 + (11 - 16) + 3.
-2
Calculate 6 - 5 - (2 - 8).
7
Evaluate -2 - (2 + (-9 - 2 - -4)).
3
Calculate 3 + 1 + -2 + -2 + -3.
-3
(-13 - -8 - -5) + 4
4
Evaluate 6 + -8 + -5 - -14.
7
Calculate -3 - (-4 - (-4 - -3)).
0
Evaluate -4 + -3 + 4 - -4.
1
Evaluate -1 + (2 - -5) + -12.
-6
Evaluate -3 + (3 - -2 - 2).
0
Calculate 16 - 13 - (6 - (-4 + 3)).
-4
What is 2 - (1 - (1 - 3))?
-1
Evaluate -4 - (-10 + 2 + 4 + 7).
-7
What is 2 + 0 - (18 - 16)?
0
0 + (0 - 2) + -15 + 11
-6
What is the value of 22 + -20 + -2 + 1?
1
Evaluate (-1 - -4) + (2 + -5 - -6).
6
Calculate -10 - -1 - (-12 + 7).
-4
5 + -3 - (13 - 8 - -1)
-4
Calculate (-2 - (-8 + 3 + 0)) + 2.
5
Evaluate 2 + -2 + -3 - -8.
5
Evaluate -3 + (8 - (7 + -3)).
1
What is 24 + -17 - (-1 + 1)?
7
What is 13 + -1 - (-12 - -29)?
-5
What is the value of -11 + (7 - -16) + -11?
1
-6 + (9 - 4) + 1 + 0
0
Calculate 0 + (-10 - (-9 - -4)).
-5
What is the value of (1 - -1) + (-5 - -4) - 4?
-3
What is the value of (0 - 0) + -4 + -3?
-7
What is 10 + -18 + (-2 - 0) + 3?
-7
Evaluate (4 - (-7 + 17)) + 7.
1
What is the value of 1 + -5 + (14 - 8) + -2?
0
Calculate -1 + 5 + (2 - 6 - -2).
2
6 + (0 - -1) + -2
5
Evaluate -1 - ((6 - (3 - 2)) + -1).
-5
Calculate 6 - 15 - (-3 + (0 - 0)).
-6
What is the value of -8 - (-15 + 4 + 2)?
1
What is (10 - (-13 - -25)) + -2?
-4
1 - (3 - 1) - (-3 + 1)
1
Evaluate (6 - 1) + (1 - 1) + -7.
-2
-2 - (5 - 1) - -2
-4
1 + 11 + -11 - (-1 - -6)
-4
What is the value of 5 + (-1 + 7 - (29 + -24))?
6
Calculate 5 + (-5 - -2 - 1).
1
Calculate (3 - (2 - -4)) + -1.
-4
Evaluate 0 - (1 + 4 - 3).
-2
Calculate -1 + (1 - 2) + 7.
5
Evaluate (14 - 15) + 4 + 1.
4
What is the value of 5 + (-6 + (-1 - -1) - 1)?
-2
What is the value of -2 - (0 + 3 - 9)?
4
Calculate 6 + -1 + (-5 - -3).
3
Evaluate (-1 - -5 - -2) + -6 + -5.
-5
What is (3 - (6 - 0)) + (13 - 15)?
-5
What is the value of 26 + -16 + (-21 - -6)?
-5
What is (-3 - -1) + (0 - 1) + 6?
3
What is -1 + (-1 + 5 - -2)?
5
(2 - 1) + 49 + -49
1
What is 0 + -4 + (42 - 38)?
0
Evaluate -6 - -8 - (0 - (2 - 4)).
0
((-7 - -5) + 3 - 1) + 5
5
Calculate 9 - (-4 + 9 + -6 - -6).
4
Evaluate 10 + -14 + 10 + (3 - 6).
3
-3 - (3 + -3) - (-8 - -5)
0
Calculate -9 - 6 - (-6 - -4) - -6.
-7
(1 - (-3 + 3) - 1) + 2
2
Calculate (-4 + 1 - (-5 + 3)) + 4.
3
26 - 22 - (1 + 0)
3
-9 + -9 + 14 + 2
-2
What is the value of -12 + 6 - (-25 + 22)?
-3
2 - ((4 + -1 - 2) + 0)
1
What is (-19 - -21) + (3 - 0) + -10?
-5
Calculate -5 - (6 + -5 + -9).
3
Evaluate -1 - (-11 - -15 - (1 + 1)).
-3
8 + -3 + -2 + 0 + 1
4
-4 - (-6 + 3 + 4) - -13
8
What is the value of 3 + (3 - (13 + (1 - 6)))?
-2
Evaluate 0 - ((2 - 6) + 1) - 1.
2
What is -3 + 10 - (21 - 15)?
1
Calculate -8 + 6 + -4 + 5 + 2.
1
Evaluate (11 - 2 - 4 - 5) + -5.
-5
What is -38 + 34 + (-1 - -9)?
4
Calculate 4 - (-6 + 26 + -9).
-7
Evaluate 5 + -7 - (1 + -5).
2
Evaluate 8 + -7 + -6 - 1.
-6
What is (-11 - -4 - (-13 + 6)) + 6?
6
What is the value of -9 - (-7 - (5 - 8))?
-5
Calculate 0 + (-4 - -4) - 3.
-3
What is 17 - -1 - (224 - 215)?
9
What is -268 + 276 + (-1 - (3 - -1))?
3
Evaluate (-4 + 7 - (-1 - 1)) + -5.
0
Calculate -3 - (-4 - -8 - 7).
0
Calculate 0 - (-3 - (-1 - 9)).
-7
Calculate -5 - (6 - 10 - (-2 - -1)).
-2
What is 8 + -1 + (75 - 81)?
1
What is the value of (4 + 2 - 6) + -1?
-1
What is 0 + -1 + (-5 - (-4 + -3))?
1
What is the value of 6 - ((1 - 1) + 1 - -1)?
4
Calculate 2 - (-2 - -13) - -1 - -3.
-5
Calculate (-2 - -1) + 2 + (37 - 33).
5
6 + -2 - 2 - (-1 + 1)
2
Evaluate (-56 - -52) + -5 + (-2 - -3).
-8
0 + 5 - (4 + -8 + 6)
3
-1 + 2 - (-1 - (11 + -6))
7
7 + -21 - -7 - -4
-3
What is the value of 3 + 29 + -34 + -1 + 6?
3
Calculate 5 - 10 - (0 - 2 - 8).
5
Evaluate 0 - (3 - (3 - 5)).
-5
What is the value of 5 - 14 - (-23 - -7)?
7
Calculate 1 + (-6 + -2 - -6).
-1
Calculate 0 + 9 + -10 + 1.
0
Evaluate -4 + 4 + 1 - 2.
-1
Evaluate 